ve of -2*z**2 - 14*z - 1. Let u = -127 + 120. What is the remainder when 40 is divided by a(u)?
12
Let o(r) be the first derivative of -2*r**2 - 8*r - 12. What is the remainder when -4*(6/(-4) - 1) is divided by o(-3)?
2
Suppose 2*b + 265 = 5*z, -z - 2*b + 65 = -0*b. Let v(k) = 4*k - 6. Let h be v(7). Let o = h + -8. What is the remainder when z is divided by o?
13
Let i = -669 - -728. Calculate the remainder when i is divided by 5.
4
Suppose -9*m - 57 = 87. Let i = m + 32. What is the remainder when 31 is divided by i?
15
Let r(k) = -6*k - 108. Calculate the remainder when 73 is divided by r(-25).
31
Suppose -160 = 3*p + 260. Let j = p - -536. Calculate the remainder when j is divided by 57.
54
Let h(x) = 4*x**2 + x - 1. Let o be h(1). Let d = 470 + -310. Suppose o*g + g - d = 0. What is the remainder when g is divided by 11?
10
Let w(d) = d**2 - 9*d + 8. Let y be w(8). Suppose y*t + 24 = -4*t. Let v(q) = q**3 + 5*q**2 - 9*q - 1. Calculate the remainder when 32 is divided by v(t).
15
What is the remainder when (-6)/(-15)*(-2590)/(-28) is divided by 13?
11
Let a = 44 + 5. Let x be (-8)/(-12)*192 + 2. Calculate the remainder when a is divided by (-3)/(-2)*x/15.
10
Let s = 3 + -1. Let j be (1/s)/(10/1820). Let p = 134 - j. Calculate the remainder when p is divided by 11.
10
Suppose 4*x + m - 11 = 2*x, -4*m + 20 = 0. Let h(z) = -z**3 + 5*z**2 - z - 3. Calculate the remainder when 46 is divided by h(x).
10
Let i = -80 + 140. Suppose -4*d = d - i. What is the remainder when 83 is divided by d?
11
Suppose w = 5*v - 544, -3*w = -3*v + w + 340. What is the remainder when v is divided by 33?
9
Suppose -2*m + 6 = -2*l + 4, 2*l + 5*m - 19 = 0. What is the remainder when 96 is divided by (l - (-12)/(-7)) + 288/21?
12
Let u = -2 + 3. Let x = u + 5. What is the remainder when 8/12 - (-248)/x is divided by 11?
9
Let q(y) = 104*y - 5*y**2 + 3 - 3*y**3 - 103*y + 2*y**3. What is the remainder when 96 is divided by q(-6)?
30
Suppose 5*n - 5*i - 3 = 2, -i = 2*n - 14. Suppose -100 = -3*r - 5*p, -3*p - 145 = -n*r + 67. What is the remainder when r is divided by 14?
12
Suppose -3*f = -4*f + 21. Let j(k) be the second derivative of -k**5/20 + k**4 + 2*k**3 + 19*k**2/2 - 3*k. What is the remainder when f is divided by j(13)?
3
Let c(b) = b**2 - b. Let h(q) = q**3 - 9*q**2 - 5*q - 3. Let w(m) = -6*c(m) - h(m). What is the remainder when 45 is divided by w(5)?
5
Suppose 0 = -43*h + 42*h - 3. Let q(j) = 3*j**2 - j - 3. What is the remainder when q(h) is divided by 10?
7
Let y(w) = 9*w**3 + 0*w**2 - w**2 - w**2 + 2 - 6*w + 4*w. Suppose 4*s + 4*x - 3*x - 10 = 0, 0 = s - 3*x + 4. What is the remainder when y(s) is divided by 16?
14
Let w(c) = 8*c - 16. Let o be w(9). Suppose -19 - 385 = -4*i. What is the remainder when i is divided by (28/o)/(2/208*2)?
23
Let g(n) = -n**3 - 11*n**2 - 3. Let m be g(-11). Suppose 8*z - 4*z = 168. What is the remainder when z is divided by (-42)/(-2) + 4 + m?
20
Suppose -2*k + 4*n = -n - 107, 2*k + 2*n = 114. Suppose -4*m + 40 = -k. What is the remainder when 45 is divided by m?
21
Let r(s) = 41*s**3 + 2*s**2 - 2*s. What is the remainder when 41 is divided by r(1)?
0
Let x(d) = 6*d + 8. Calculate the remainder when x(8) is divided by 4/(-6)*-57*1/2.
18
Let b be -2 - ((-726)/9)/((-1)/(-3)). Suppose -7*c + b = 5*c. Calculate the remainder when c is divided by 11.
9
Let s be 6/(-9)*1 - 38/(-3). Let p = s - -5. What is the remainder when p is divided by 7?
3
Let z(m) be the third derivative of m**4/24 + 7*m**3/6 - 3*m**2. Let l be z(-7). Suppose 4*a - 35 - 21 = l. What is the remainder when 25 is divided by a?
11
Let v = -309 - -393. Calculate the remainder when 334 is divided by v.
82
Suppose -3*w = 15, -4*i = -4*w + 14 - 66. Suppose -7*o - 8 = -29. Calculate the remainder when -2*82/(-12) - 2/o is divided by i.
5
Let j(z) = -z**3 - z**2 - 4*z - 9. Suppose -2*u + 56 = 12*u. Calculate the remainder when j(-4) is divided by u.
3
Let h(d) = -d**2 + 13*d + 21. What is the remainder when 199 is divided by h(10)?
46
Suppose -4*g + 16 = 2*l + 6, 3*l - 9 = -3*g. Suppose -61*h = -56*h + 5*w - 10, 1 = -w. What is the remainder when h is divided by g?
1
Suppose 5*k = 2*r - 4*r, 0 = -4*r + 2*k. Suppose a + r*a - 41 = -5*z, -3*z - 5*a = -29. Calculate the remainder when 30 is divided by z.
6
Calculate the remainder when (1 - 2)/(1/(-21)) is divided by (3*(-5)/(-10))/(9/36).
3
Let h = 8 - 6. Let p be h/(-10) - 245/25. Let o = p + 11. Calculate the remainder when 3 is divided by o.
0
Let w = -51 + 87. What is the remainder when 117 is divided by w?
9
Suppose 0*n = n - 13. What is the remainder when 0*(-5 - (-11 + 5)) - -50 is divided by n?
11
Let c(f) = f**2 - 13*f + 32. Let h be c(10). What is the remainder when (-2)/1*h/((-24)/318) is divided by 14?
11
Suppose 453 = 4*x - u - 50, -u + 259 = 2*x. What is the remainder when x is divided by 23?
12
Let i = -75 - -70. Calculate the remainder when 4/i + 5 + (-387)/(-15) is divided by 5.
0
Suppose 0 = 15*r - 28*r + 1703. What is the remainder when r is divided by 24?
11
Suppose -2*b + 2*s + 2*s - 4 = 0, 0 = -2*b + 2*s. Let p(r) = -r**3 + 5*r**2 + 2. Let i be p(6). Let f = 41 + i. Calculate the remainder when f is divided by b.
1
Let z = 20 - 13. Let k(i) = 6*i + 3. Suppose 19 = -5*g - 3*b + 64, -2*b + 14 = 2*g. What is the remainder when k(z) is divided by g?
9
Suppose -475 + 1555 = -9*o. Let f = -80 - o. What is the remainder when 156 is divided by f?
36
Let u(g) = -g**3 + 4*g**2 + 13*g - 12. Suppose w + 464 = 4*p, -3*w - 348 = -3*p - 0*w. Let z = p - 34. Calculate the remainder when z is divided by u(5).
26
Suppose z + 40 = -7*z. Let k(h) = -8*h - 3. Calculate the remainder when k(-2) is divided by z/(-2)*104/65.
1
Suppose -4*n - 9*b = -6*b - 145, b + 65 = 2*n. Suppose 0 = 3*y - 12. Suppose -o + y = -n. What is the remainder when o is divided by 20?
18
Let b(d) = 23*d + 6. What is the remainder when b(10) is divided by 30?
26
Let u = 2424 - 1711. Calculate the remainder when u is divided by 55.
53
Let o(y) = 2*y**3 + 3*y**2 - 2*y - 1. Suppose -5*w - 3*n - 255 = -8*w, 5*w - 4*n - 429 = 0. What is the remainder when w is divided by o(2)?
20
Let p(o) = -7 + 0*o - 3*o - 9*o. Let y be p(12). Let q = -66 - y. Calculate the remainder when q is divided by 29.
27
Let t = 21 + -3. What is the remainder when 3 - 19/(-2 + 1) is divided by t/(-3*(-4)/8)?
10
Suppose -y - 10 - 3 = -2*i, 0 = -i - 2*y + 14. Suppose i*f - 8 = 4*f. Calculate the remainder when 10 is divided by f.
0
Suppose r - 4 = 6. Let y = 40 - 32. Suppose -2*j = -y - r. What is the remainder when 17 is divided by j?
8
Let b be ((-12)/(-9))/(8/156). Suppose 0 = 2*p - b - 34. Suppose 0*t = 5*t - p. What is the remainder when t is divided by 4?
2
Let d be -4*((-411)/12 + -1). Let f = d - 84. Suppose -6 = i + 3*h - 34, -f = -4*i - h. What is the remainder when 24 is divided by i?
11
Suppose 4*b + 94 = 3*a + 3*b, -a + b + 28 = 0. Suppose -4*m - 655 = -9*m. Calculate the remainder when m is divided by a.
32
Let v = 54 + -8. Suppose u - 4*z - 20 = 0, 2*u + 5*z = 5*u - v. Suppose d - 82 - 6 = -4*r, 66 = 3*r - d. What is the remainder when r is divided by u?
10
Let g be 9884/(-84) - (-2)/(-6). What is the remainder when (g - (-4 - 12/(-3)))*-1 is divided by 15?
13
Let t = -1167 - -1309. What is the remainder when 435 is divided by t?
9
Suppose -311 - 263 = -7*h. What is the remainder when h is divided by 36?
10
Let b(r) = 9*r - 12. Calculate the remainder when b(16) is divided by (170/15)/(4/6).
13
Let a = 1010 + -958. What is the remainder when 196 is divided by a?
40
Let q = 22 + -21. Let c be ((-1)/(-2))/(q/118). Suppose -c = -2*d + d. Calculate the remainder when d is divided by 30.
29
Suppose -s = -f + 165, -10*f - 5*s = -14*f + 663. Suppose -3*g - f = -9*g. What is the remainder when g is divided by 6?
3
Calculate the remainder when 455 is divided by -8*1*(-5 - -2).
23
Let j(m) = 16*m**2 + 22*m - 3. Calculate the remainder when j(-11) is divided by 22.
19
Suppose g = 5*l - 174, -l = -5*g + 7 - 37. Let b(p) = -11*p**3 + p**2 + p + 1. Let s be b(-1). Calculate the remainder when l is divided by -1*s/16*-12.
8
Suppose 3*k = 3*z - 33, 0 = -4*z + 2*k - 13 + 55. What is the remainder when 68 is divided by z?
8
Let g = 584 + -403. Let x = -20 + g. Calculate the remain